{"id":118,"date":"2017-12-06T17:47:18","date_gmt":"2017-12-06T16:47:18","guid":{"rendered":"http:\/\/votre-hypno.com\/?page_id=118"},"modified":"2019-08-11T18:10:15","modified_gmt":"2019-08-11T16:10:15","slug":"phobies","status":"publish","type":"page","link":"https:\/\/votre-hypno.com\/index.php\/votre-objectif\/phobies\/","title":{"rendered":"Phobies, peurs"},"content":{"rendered":"<p><img loading=\"lazy\" class=\"size-medium wp-image-119 alignleft\" src=\"http:\/\/votre-hypno.com\/wp-content\/uploads\/2017\/12\/phobie-295x300.jpg\" alt=\"\" width=\"295\" height=\"300\" srcset=\"https:\/\/votre-hypno.com\/wp-content\/uploads\/2017\/12\/phobie-295x300.jpg 295w, https:\/\/votre-hypno.com\/wp-content\/uploads\/2017\/12\/phobie.jpg 663w\" sizes=\"(max-width: 295px) 100vw, 295px\" \/><\/p>\n<p>L\u2019hypnose est tr\u00e8s efficace en la mati\u00e8re, le traitement de la phobie constitue d\u2019ailleurs une forte demande.<br \/>\nPlus de 9 millions de personnes en France souffrent de phobie.&nbsp;Elle peut d\u00e9finitivement dispara\u00eetre en deux s\u00e9ances.<\/p>\n<p><strong>La PHOBIE et est caract\u00e9ris\u00e9 par la peur irraisonn\u00e9e d\u2019une situation ou d\u2019une chose sp\u00e9cifique.<\/strong><br \/>\nLa phobie se situe bien au-del\u00e0&nbsp; de la peur. C\u2019est une v\u00e9ritable panique qui s\u2019empare de la personne qui en souffre.&nbsp;Aussi, la personne phobique va \u00e9viter par tous les moyens la situation ou la chose redout\u00e9e<strong>.<\/strong><\/p>\n<p><strong>&nbsp;<\/strong>Cela g\u00e9n\u00e8re de l\u2019anxi\u00e9t\u00e9 et de l\u2019angoisse: L\u2019hypnose permet de diminuer l\u2019\u00e9motion envahissante et \u00e9prouvante g\u00e9n\u00e9r\u00e9e par cette phobie.<\/p>\n<p><strong>La phobie est avant tout une PEUR SANS OBJET R\u00c9EL.&nbsp;<\/strong>Le fait d\u2019exposer la personne \u00e0&nbsp; ce qui l\u2019effraie provoque une r\u00e9ponse anxieuse imm\u00e9diate. Les adultes et adolescents phobiques reconnaissent le caract\u00e8re irraisonn\u00e9 de leur peur, ce n\u2019est pas le cas chez l\u2019enfant.<br \/>\n<strong>Pour \u00eatre qualifi\u00e9 de phobique il faut que les sympt\u00f4mes aient persist\u00e9 au moins 6 moi<\/strong>s. Ex : Si apr\u00e8s une mauvaise chute de cheval, une personne remonte sur celui-ci avec une appr\u00e9hension importante, on ne peut pas parler de phobie.<\/p>\n<p>Une phobie cr\u00e9e une manifestation inconsciente tr\u00e8s forte, l\u2019hypnose est parfaitement adapt\u00e9e \u00e0 ce type de situation, que ce soit une peur des insectes, de l\u2019avion, de l\u2019\u00e9cole, du vide.<\/p>\n<p>L\u2019hypnose est tr\u00e8s efficace dans le traitement de la phobie: il y a d&rsquo;ailleurs une forte demande.<\/p>\n<p><a href=\"http:\/\/votre-hypno.com\/index.php\/contact\/\"><img loading=\"lazy\" class=\"aligncenter size-full wp-image-564\" src=\"http:\/\/votre-hypno.com\/wp-content\/uploads\/2018\/01\/bouton-contact.jpg\" alt=\"\" width=\"200\" height=\"43\"><\/a><\/p>\n","protected":false},"excerpt":{"rendered":"<p>L\u2019hypnose est tr\u00e8s efficace en la mati\u00e8re, le traitement de la phobie constitue d\u2019ailleurs une forte demande. Plus de 9 millions de personnes en France souffrent de phobie.&nbsp;Elle peut d\u00e9finitivement dispara\u00eetre en deux s\u00e9ances. La PHOBIE et est caract\u00e9ris\u00e9 par la peur irraisonn\u00e9e d\u2019une situation ou d\u2019une chose sp\u00e9cifique. La phobie se situe bien au-del\u00e0&nbsp; [&hellip;]<\/p>\n","protected":false},"author":3,"featured_media":0,"parent":39,"menu_order":0,"comment_status":"closed","ping_status":"closed","template":"template-twocolumnsleft.php","meta":[],"_links":{"self":[{"href":"https:\/\/votre-hypno.com\/index.php\/wp-json\/wp\/v2\/pages\/118"}],"collection":[{"href":"https:\/\/votre-hypno.com\/index.php\/wp-json\/wp\/v2\/pages"}],"about":[{"href":"https:\/\/votre-hypno.com\/index.php\/wp-json\/wp\/v2\/types\/page"}],"author":[{"embeddable":true,"href":"https:\/\/votre-hypno.com\/index.php\/wp-json\/wp\/v2\/users\/3"}],"replies":[{"embeddable":true,"href":"https:\/\/votre-hypno.com\/index.php\/wp-json\/wp\/v2\/comments?post=118"}],"version-history":[{"count":5,"href":"https:\/\/votre-hypno.com\/index.php\/wp-json\/wp\/v2\/pages\/118\/revisions"}],"predecessor-version":[{"id":795,"href":"https:\/\/votre-hypno.com\/index.php\/wp-json\/wp\/v2\/pages\/118\/revisions\/795"}],"up":[{"embeddable":true,"href":"https:\/\/votre-hypno.com\/index.php\/wp-json\/wp\/v2\/pages\/39"}],"wp:attachment":[{"href":"https:\/\/votre-hypno.com\/index.php\/wp-json\/wp\/v2\/media?parent=118"}],"curies":[{"name":"wp","href":"https:\/\/api.w.org\/{rel}","templated":true}]}}