{"id":39,"date":"2017-12-05T21:38:36","date_gmt":"2017-12-05T20:38:36","guid":{"rendered":"http:\/\/votre-hypno.com\/?page_id=39"},"modified":"2020-01-31T12:15:16","modified_gmt":"2020-01-31T11:15:16","slug":"votre-objectif","status":"publish","type":"page","link":"https:\/\/votre-hypno.com\/index.php\/votre-objectif\/","title":{"rendered":"L&rsquo;hypnose: Pour quoi ?"},"content":{"rendered":"<p style=\"text-align: justify;\"><img loading=\"lazy\" class=\"alignleft size-full wp-image-375\" src=\"http:\/\/votre-hypno.com\/wp-content\/uploads\/2018\/01\/hypnotherapie-et-hypnose-300x180-1.jpg\" alt=\"\" width=\"300\" height=\"180\" \/>L&rsquo;\u00eatre humain a de telles ressources qu&rsquo;Il est impossible de dresser une liste exhaustive des applications de l\u2019Hypnose pour son Bien \u00catre, pour son Mieux \u00catre.<\/p>\n<p style=\"text-align: justify;\">Hypno-praticien , je vous accompagne vers un objectif: le v\u00f4tre.<\/p>\n<p style=\"text-align: justify;\">Vous trouverez quelques pages sur des probl\u00e9matiques les plus courantes, comme<\/p>\n<ul style=\"text-align: justify;\">\n<li><a href=\"http:\/\/votre-hypno.com\/index.php\/votre-objectif\/anxiete\/\">L&rsquo;anxi\u00e9t\u00e9<\/a><\/li>\n<li><a href=\"http:\/\/votre-hypno.com\/index.php\/votre-objectif\/confiance-en-soi\/\">La confiance en soi<\/a><\/li>\n<li><a href=\"http:\/\/votre-hypno.com\/index.php\/votre-objectif\/devenez-non-fumeur\/\">L&rsquo;arr\u00eat du tabac<\/a><\/li>\n<li><a href=\"http:\/\/votre-hypno.com\/index.php\/votre-objectif\/phobies\/\">Les phobies, les peurs<\/a><\/li>\n<li><a href=\"http:\/\/votre-hypno.com\/index.php\/votre-objectif\/trouble-du-sommeil\/\">Les troubles du sommeil<\/a><\/li>\n<\/ul>\n<p style=\"text-align: justify;\"><img loading=\"lazy\" class=\"alignright size-full wp-image-241\" src=\"http:\/\/votre-hypno.com\/wp-content\/uploads\/2018\/01\/goutte-seule.jpg\" alt=\"\" width=\"479\" height=\"300\" srcset=\"https:\/\/votre-hypno.com\/wp-content\/uploads\/2018\/01\/goutte-seule.jpg 479w, https:\/\/votre-hypno.com\/wp-content\/uploads\/2018\/01\/goutte-seule-300x188.jpg 300w\" sizes=\"(max-width: 479px) 100vw, 479px\" \/>Concernant l&rsquo;adulte, vous pouvez \u00e9galement \u00eatre accompagn\u00e9 pour:<\/p>\n<ul style=\"text-align: justify;\">\n<li>Une question de poids, afin d&rsquo;\u00eatre en harmonie avec votre corps<\/li>\n<li>La gestion comportementale:\n<ul>\n<li>TOC<\/li>\n<li>Procrastination<\/li>\n<li>Enur\u00e9sie<\/li>\n<li>Anorexie, boulimie\u2026<\/li>\n<\/ul>\n<\/li>\n<li>La gestion de la douleur<\/li>\n<li>Hyperactivit\u00e9, hyper vigilance<\/li>\n<li>Et\u2026 votre probl\u00e9matique personnelle, pour laquelle il suffit de m&rsquo;interroger<\/li>\n<\/ul>\n<p style=\"text-align: justify;\">Concernant les enfants, \u00e0-priori \u00e0 partir de 6 ans, j&rsquo;utilise des protocoles d&rsquo;hypnoses d\u00e9di\u00e9s: une hypnose sp\u00e9cifique, et tr\u00e8s orient\u00e9e jeux et m\u00e9taphores; pour les enfants tout ce qui est imagin\u00e9 est r\u00e9el. L&rsquo;enfant a ses ressources, porte en lui ses solutions pour l\u2019\u00e9nur\u00e9sie, l\u2019hyperactivit\u00e9, les comportements alimentaires, les phobies scolaires, les conflits ou les troubles du sommeil\u2026<\/p>\n<p style=\"text-align: justify;\">\u00a0L\u2019univers de l\u2019inconscient est un r\u00e9servoir de ressources in\u00e9puisable.<\/p>\n<p style=\"text-align: left;\"><b>Aussi n&rsquo;h\u00e9sitez pas \u00e0 m&rsquo;interroger: j&rsquo;ai la solution, par par un accompagnement avec l&rsquo;hypnose.<\/b><\/p>\n<p><a href=\"http:\/\/votre-hypno.com\/index.php\/contact\/\"><img loading=\"lazy\" class=\"aligncenter size-full wp-image-564\" src=\"http:\/\/votre-hypno.com\/wp-content\/uploads\/2018\/01\/bouton-contact.jpg\" alt=\"\" width=\"200\" height=\"43\" \/><\/a><\/p>\n","protected":false},"excerpt":{"rendered":"<p>L&rsquo;\u00eatre humain a de telles ressources qu&rsquo;Il est impossible de dresser une liste exhaustive des applications de l\u2019Hypnose pour son Bien \u00catre, pour son Mieux \u00catre. Hypno-praticien , je vous accompagne vers un objectif: le v\u00f4tre. Vous trouverez quelques pages sur des probl\u00e9matiques les plus courantes, comme L&rsquo;anxi\u00e9t\u00e9 La confiance en soi L&rsquo;arr\u00eat du tabac [&hellip;]<\/p>\n","protected":false},"author":3,"featured_media":0,"parent":0,"menu_order":0,"comment_status":"closed","ping_status":"closed","template":"template-twocolumnsleft.php","meta":[],"_links":{"self":[{"href":"https:\/\/votre-hypno.com\/index.php\/wp-json\/wp\/v2\/pages\/39"}],"collection":[{"href":"https:\/\/votre-hypno.com\/index.php\/wp-json\/wp\/v2\/pages"}],"about":[{"href":"https:\/\/votre-hypno.com\/index.php\/wp-json\/wp\/v2\/types\/page"}],"author":[{"embeddable":true,"href":"https:\/\/votre-hypno.com\/index.php\/wp-json\/wp\/v2\/users\/3"}],"replies":[{"embeddable":true,"href":"https:\/\/votre-hypno.com\/index.php\/wp-json\/wp\/v2\/comments?post=39"}],"version-history":[{"count":8,"href":"https:\/\/votre-hypno.com\/index.php\/wp-json\/wp\/v2\/pages\/39\/revisions"}],"predecessor-version":[{"id":892,"href":"https:\/\/votre-hypno.com\/index.php\/wp-json\/wp\/v2\/pages\/39\/revisions\/892"}],"wp:attachment":[{"href":"https:\/\/votre-hypno.com\/index.php\/wp-json\/wp\/v2\/media?parent=39"}],"curies":[{"name":"wp","href":"https:\/\/api.w.org\/{rel}","templated":true}]}}